/w. Let o(z) = 8*z**2 + z + 1. Let y(h) = 7*h**2 + 9*h - 4. Let k(v) = -o(v) + y(v). Determine k(q).
2
Suppose 5*g = 4*g + 6. Let s(x) = -7 - 8*x + x**2 + 3 + 9. Give s(g).
-7
Let i(q) = 8*q - 5. Let d(v) = -3*v - 1. Let x(w) = 4*d(w) - i(w). What is x(-1)?
21
Let p(z) = 5*z**2 + 4. Let a(w) = -w**2 - 1. Let v(j) = 4*a(j) + p(j). Let b(x) = x**3 - 5*x + 4. Let r(h) = b(h) - 3*v(h). Give r(3).
-11
Let o(k) = -9*k - 2 - 2*k**2 + 10*k + 3*k**2. Suppose 0 = 201*y - 194*y. Give o(y).
-2
Let o(q) = -2 - q - q**2 - 4 + 4 + 6. Calculate o(3).
-8
Let z(x) = 5*x**2 - 3*x + 10. Let c be 14/(-2) - 1 - -4. Let r(a) = 0 - 3*a**2 - a + 0 + 2*a**2. Let q(y) = c*r(y) - z(y). Calculate q(7).
-10
Let f be 11/66 + ((-145)/6)/(-5). Let n(s) be the second derivative of 0 - 7/6*s**3 + 1/12*s**4 - f*s + 5/2*s**2. Calculate n(5).
-5
Let n(x) = 80*x + 1. Suppose -85 = -382*d + 297*d. Give n(d).
81
Let l(w) be the first derivative of w**7/840 - w**6/90 + w**5/24 - w**4/8 - w**3/3 + 5. Let o(y) be the third derivative of l(y). What is o(3)?
3
Let p(u) = -u - 2. Let m = 29 - 31. Let k be (1 - 2)/(1/m). Suppose -k*w - 20 = 2*w. Calculate p(w).
3
Let y(m) = -m - 2. Suppose 5*t = 4*t - 2, 2*n = -t. Let l be ((-8)/12)/(n/9). What is y(l)?
4
Let i(m) = -7*m**2 + 11*m + 11. Let j(l) = 6*l**2 - 10*l - 10. Let n(g) = 5*i(g) + 6*j(g). Give n(6).
1
Let y(i) = -i**3 - 8*i**2 - 2*i - 9. Let v be -7 + (-4)/(-2 - -6). Let l be y(v). Let q(s) = -l*s - 2 - 3*s + 8*s. Determine q(2).
-6
Suppose 2*w = -3*w - 20. Let c(u) = 341 - 682 + 2*u + 347. Give c(w).
-2
Let b(r) = -3*r**3 + 4*r**2 + 3*r + 5. Let p(v) = -v - 10. Let g be p(-6). Let k(t) = 4*t**3 - 4*t**2 - 4*t - 6. Let j(n) = g*k(n) - 5*b(n). Calculate j(-3).
-13
Let c(y) = -y**2 - 33*y - 103. Let n be c(-3). Let u(m) = m**3 + 14*m**2 + 14*m + 16. Calculate u(n).
3
Suppose 5*h = -2*d + 10, 5*d - 27 = 3*h - 2. Let m(n) = -7*n + 4. Let g(a) = 6*a - 4. Let v(p) = d*g(p) + 4*m(p). Determine v(5).
6
Let f be (-4 + -19)*-2 + 0. Let t = 42 - f. Let n(v) = v**3 + 3*v**2 - 6*v - 1. What is n(t)?
7
Suppose 0 = -3*y + 80 + 16. Suppose -2*f - 6*f + y = 0. Suppose t - 12 = 5*u, f*t - 3*u = -2*u + 29. Let n(c) = -c + 9. Calculate n(t).
2
Let y(g) = 8*g - 24. Let v(j) = -1. Suppose 2*x - 22 = -9*x. Let a(m) = x*y(m) - 48*v(m). Calculate a(-1).
-16
Let v(j) = -j**3 + 6*j**2 + 3*j - 6. Let f(n) = n**2 - 11*n + 9. Let w be f(7). Let y = 3 - w. Suppose -2*t - y = -d + 2*t, -5*t = -2*d + 32. Determine v(d).
12
Let z(x) be the first derivative of -4/3*x**3 + 6 + 0*x + 1/2*x**2. What is z(-1)?
-5
Let j(r) = 3*r. Let x(l) = l + 1. Let m(q) = -4*q - 3. Let z(w) = m(w) + 3*x(w). Let o(n) = 2*j(n) + 5*z(n). Determine o(3).
3
Let w(m) = -3*m + 19. Let s(k) = -2*k + 3. Let f(l) = 2*s(l) - w(l). What is f(-10)?
-3
Suppose 2*o - 33 = -11*z + 6*z, z - 1 = o. Let v(d) = -d**3 + 6*d**2 - 5*d + 1. What is v(z)?
1
Let j(m) = 4*m - 3. Let d(x) = -x - 18 - 20 + 39. Let b(r) = 3*d(r) + j(r). Suppose 5*n + 5 = -5*z, 3*n = 3*z + 5*n. Determine b(z).
2
Let l(v) = -2*v**2 - 4*v. Let w be l(-3). Let h be 17 + w/(-2 + 0). Let b(c) = -1 - 2*c - 21*c**2 - 3*c + h*c**2. Calculate b(-4).
3
Let y = 11 - 5. Suppose 5*l = 4*t - 58, y = -2*t - 2*l + 26. Let g(w) = 4 + w + 4 - t. Calculate g(-3).
-7
Suppose 5*h + 5 + 0 = 0. Let v be 3/(h - 2) - 0. Let u(x) = 5*x - 364 - 5*x + 365 + 2*x**2 + 0*x**2. What is u(v)?
3
Let o(n) be the third derivative of n**4/6 + 5*n**3/6 + 2*n**2. Let j(g) = g**3 - 19*g**2 + 34*g - 4. Let k be j(17). Calculate o(k).
-11
Let y(x) = 8*x + 3*x - 3*x - 2. Let t be ((-4)/24*8)/((-2)/3). Let n be -6*(t + (-21)/9). What is y(n)?
14
Let g(c) = -c**3 - 6*c**2 + 6*c - 6. Suppose -3*a + 5*v = 6, -11*a = -8*a + v + 24. What is g(a)?
1
Let u(l) = 2*l**3 - 5*l**2 - 8. Let f(g) = -g**3 + 2*g**2 + 3. Let h(i) = -8*f(i) - 3*u(i). Let c be (-18)/4 + 1/(-2). Let v be c/7 + 6/(-21). Determine h(v).
-3
Suppose -25 + 15 = -10*n. Let f(w) = -2*w**3 + 2*w**2 - w. What is f(n)?
-1
Let i = -708 - -701. Let o(d) = d - 2. Determine o(i).
-9
Suppose 7*x - 6*x = 4. Let b(m) = -m**3 + 4*m**2. Determine b(x).
0
Suppose 27 = -5*c - 3*u, 0 = 3*c + 2*u - u + 17. Let a(t) = t**3 + 5*t**2 - 4*t + 1. What is a(c)?
-11
Let c(m) be the third derivative of -m**5/60 + 5*m**4/24 - 7*m**3/6 + 131*m**2. What is c(6)?
-13
Let i(d) = d**2 - d - 9. Let y be 5 - (-5 + (-40)/(-4)). Give i(y).
-9
Let r(c) = -c**3 - 7*c**2 + 7*c - 11. Let f be 7 - (-10)/8*-12. What is r(f)?
-3
Let k(y) = y**2 + 7*y - 17. Let u be k(-9). Suppose -m - v - u = -5, v = 3*m + 8. Let t(p) = -13*p**2 + p + 1. Calculate t(m).
-13
Let i(f) be the third derivative of -f**5/60 + 2*f**4/3 - 2*f**3/3 - 59*f**2. Give i(16).
-4
Let p(z) = -z**2 + 7*z + 9. Suppose -3*q + a = -75, -4*q + 54 + 53 = a. Let w be (-1 - 0) + (q - 16). What is p(w)?
-9
Let v(d) = -d. Let x = -17 + 23. Give v(x).
-6
Let t = 727 + -725. Let p(x) = x + 3 - 2 + 2*x. Give p(t).
7
Let r(x) = 3*x + 7. Suppose 4*b = 4*n + 32, 37 = 12*n - 17*n + 2*b. Calculate r(n).
-14
Let x(q) = -q - 16. Suppose 0 = c + 4*v - 16, -20 = 5*c + 10*v - 15*v. Give x(c).
-16
Let f(d) = -7*d - 52. Let y be f(-8). Let m(g) = -102 - 2*g + y*g + 104. Determine m(-4).
-6
Suppose 4*x - 381 = -357. Let o(b) = 5*b - 13. Calculate o(x).
17
Let f(x) be the first derivative of 1/2*x**2 + 31 + 0*x - 9/4*x**4 - 2/3*x**3. Calculate f(1).
-10
Let q be (-80)/180*9/(-1). Let o(g) be the third derivative of 12*g**2 + 0 - 1/10*g**5 - 2/3*g**3 - 1/120*g**6 + 0*g - 1/4*g**q. Give o(-5).
1
Let x(y) = 4*y**2 + 2*y - 2. Suppose -3*z = -261 + 258. Give x(z).
4
Let u = -14 + 26. Suppose u = p + 8. Let x(k) = -k**2 + 4*k - 3. Calculate x(p).
-3
Suppose 3*c + z + 32 = 0, -3*c - z = -2*z + 28. Let k be (c/(-35))/(1/7). Let j = -4 + k. Let m(y) = -y**3 - 3*y**2 + 2*y. Give m(j).
-8
Let w(q) be the third derivative of -q**6/120 + q**5/20 - q**4/8 + 7*q**3/6 - 20*q**2 - 2*q. What is w(4)?
-21
Let h(b) = 5*b**2 - 9*b - 5. Let c(m) = 21*m**2 - 39*m - 21. Let w(l) = -2*c(l) + 9*h(l). Let y = -2 + 5. What is w(y)?
15
Let t(f) be the third derivative of -f**6/120 + f**5/20 - 8*f**2 - 2*f. What is t(3)?
0
Let q(o) = -8 - 3 - 1 + 4*o + 21 - 6. What is q(-3)?
-9
Suppose g = 5*b + 11, -43 = -5*g - b - 14. Suppose d = -g*d - 35. Let z(r) = r**2 + 4*r - 7. Determine z(d).
-2
Let c(k) = -k**3 - k**2 + 3*k + 2. Let n = -209 + 207. Calculate c(n).
0
Suppose 4*z = -5*x - 0*x + 105, -z - x = -25. Let u be (-10)/(-3) - z/(-30). Let d(i) = 5*i - 1. Let n(l) = 14*l - 3. Let c(a) = 17*d(a) - 6*n(a). What is c(u)?
5
Let k(p) = -1 + 40*p**2 + 2*p**3 - 14*p**2 - 13*p**2 + 3*p - 13*p**2. What is k(2)?
21
Let w(h) = -h**2 - 41*h - 266. Let d be w(-32). Let r(a) = -a**2 + 24*a - 45. Calculate r(d).
-1
Suppose 5*b - 2*i - 429 = 0, -b - i = -5*i - 93. Let t(d) = -b*d + 1 + 89*d + 2. Determine t(-3).
-9
Let q(r) = -1 + 96*r**2 - r - 83*r**2 + 3*r. Give q(1).
14
Let a(z) be the second derivative of -2*z**3/3 - z**2/2 + 53*z. Let l(c) = -c**3 + 2*c. Let b be l(-2). Let p = b + -3. Give a(p).
-5
Let l(y) = 19*y - 3. Let z(n) = -24*n + 4. Let u(f) = 5*l(f) + 4*z(f). Calculate u(9).
-8
Let i(x) = -3*x**2 - 3*x**2 + 3*x**2 + 143*x - 2*x**3 - 140*x. Suppose 2*w = w - c + 1, c = -5*w - 11. Give i(w).
18
Let i(o) be the third derivative of -o**6/120 - 7*o**5/60 - o**4/24 - 11*o**3/6 - 573*o**2 - o. Determine i(-7).
-4
Let k(w) be the third derivative of w**5/15 - w**2 - 26. Suppose 2*j = 20*j + 18. What is k(j)?
4
Let y(b) = -b**3 - 2*b + 13*b + 16*b**2 + 0 - 18*b - 9*b + 11. Give y(15).
-4
Let u(l) be the first derivative of -2*l**2 + 6*l - 7 - 1/3*l**3. Give u(-5).
1
Let d(h) be the third derivative of h**4/12 - 9*h**3/2 - 38*h**2. Calculate d(15).
3
Let g(f) = -f**2 - 16 - 6 + 13 - 5*f**3 - 10*f**2 - 5*f. Let p(s) = -6*s**3 - 12*s**2 - 6*s - 10. Let k(n) = 5*g(n) - 4*p(n). Give k(-7).
2
Let y(l) = l**2 + 15*l - 3. Let m be (150/(-40))/(8/32). Calculate y(m).
-3
Let t = 89 - 83. Let a(q) be the third derivative of 0 - 1/8*q**4 + 0*q**3 + 1/20*q**5 - 1/120*q**t - 2*q**2 + 0*q. What is a(2)?
-2
Let n(l) = 284 + l**2 - l**3 + 0*l**3 - 283 + 4*l. Let i = 12 - 9. Suppose 0 = 4*v - 0*g - i*g, -2*v + 4*g = 10. What is n(v)?
-5
Let t(h) be the second derivative of h**4/24 - 11*h**2/2 + 4*h. Let n(v) be the first derivative of t(v). Calculate n(0).
0
Let c(q) = -3